*z - v, -2*z = b*s - 18 - 240. List the prime factors of z.
3, 5
Let o(h) = 103*h**3 - 55*h**2 + 23*h + 42. What are the prime factors of o(6)?
2, 3, 71
Let d = 2630 + 4352. List the prime factors of d.
2, 3491
Suppose 0 = -3*y + 3*g + 94 + 26, 5*y + 3*g = 176. Let k = -33 + y. What are the prime factors of 115 - k/12*6?
113
Let q(v) = -11*v**2 + 1. Let m be q(1). Let h be 4*2/40 - 48/m. Suppose h*t + 377 = 4*j, 2*j = 3*t - t + 186. What are the prime factors of j?
2, 11
Let t be (-1)/(-5) - (-264215)/175. What are the prime factors of (-2)/(-4)*(t - 72)?
719
Let d(z) = z**2 - 2*z - 1. Let n(y) = -4*y**2 - 5*y - 2. Suppose 16 = -6*v + 4. Let i be n(v). List the prime factors of d(i).
79
List the prime factors of (2 - 584)*4*969/(-153).
2, 19, 97
Suppose 274*d + 1547885 = 5800597 + 5486892. List the prime factors of d.
2, 7, 2539
Suppose -4*g - 4*g = 0. Let v(y) = -y**2 - 2*y + 48. Let n be v(g). Suppose -n = -7*z + 610. What are the prime factors of z?
2, 47
Let q be ((-16)/(-6))/((-8)/7356) - 4. Let w = -1689 - q. List the prime factors of w.
13, 59
Let m(r) = r**3 + 8*r**2 + 7*r + 2. Let f be m(-7). Let x be (-18)/15*(-3 - f*-4). List the prime factors of ((-2)/x)/((-2)/(-498)).
83
Let k = -677 - -13726. What are the prime factors of k?
13049
Suppose -5*w + 57170 = 5*o + 755, -2*o - 5*w = -22560. What are the prime factors of o?
5, 37, 61
Let b(c) = c + 10. Suppose 3*a + 4*i + 14 = 0, 9*a = 4*a - 2*i - 28. Let q be b(a). Suppose -q*k = -248 - 344. List the prime factors of k.
2, 37
Let a = -5956 + 20405. What are the prime factors of a?
14449
Let v(g) = -g**3 - 5*g**2 + 5*g - 16. Let k be 1 + -1*(6 + 6). List the prime factors of v(k).
5, 131
Suppose -p = -6*p - 5, -2*s + p - 29 = 0. Let d(h) = -16*h + 92. What are the prime factors of d(s)?
2, 83
Suppose -16 = -4*k, -5*m + 7*k + 44 = 8*k. Let x(f) = f - 1. Let v be x(-1). Let l = v + m. List the prime factors of l.
2, 3
Let h = -30 + 45. Let q be 1254/h - (-10)/25. Let x = -67 + q. What are the prime factors of x?
17
Suppose 3*y + 2 = l, 3*y + 4 = 2*l - y. Suppose -l*p + 3*v = -227, -p + 142 = 5*v - 4. List the prime factors of p.
11
Suppose 4*f - 109931 = -3*d + 4*d, -4*d + 20 = 0. What are the prime factors of f?
2, 6871
Let f(g) = 1061*g**2 - 2*g - 163. What are the prime factors of f(-7)?
2, 3, 5
Suppose 16*c = 12*c - 1480. Let d = 534 + c. Suppose -d = -5*l + 396. List the prime factors of l.
2, 7
Let g = 72162 + -42618. List the prime factors of g.
2, 3, 1231
Let f = 14067 + -1596. List the prime factors of f.
3, 4157
Let m(r) = -r**2 + 34*r - 38. Suppose 41 = 2*c - i, 20 - 16 = 4*i. What are the prime factors of m(c)?
5, 47
Let y(u) = 2*u**2 + u**3 - u + 156 - 2*u**3 + 2*u**2 - 5*u**2. Let o be y(0). Suppose 23 = -a + o. List the prime factors of a.
7, 19
Let u(p) = -p - 3. Let d be u(-4). Let c be -41 + d + 1 + -1. Let q = 78 + c. List the prime factors of q.
2, 19
Let c = -1940 + 1169. Let s = c - -1105. What are the prime factors of s?
2, 167
Let d = -13528 - -31632. What are the prime factors of d?
2, 31, 73
Let w(t) be the second derivative of -5*t**3/2 + 11*t**2/2 - 28*t. Let a be w(-6). Suppose 4*l - 3*m + a = 6*l, -3*m - 193 = -4*l. List the prime factors of l.
7
What are the prime factors of (-20098)/4*(-10 + 4) - -5 - 1?
11, 2741
Let s(u) be the third derivative of 55*u**4/8 + 19*u**3/6 - 234*u**2. What are the prime factors of s(8)?
13, 103
Let h be 162/(0 + (-8)/(-36)). Suppose j + h = t, 5*t + 0*t - 2*j - 3654 = 0. What are the prime factors of t?
2, 3, 61
Let x = 226 + -242. What are the prime factors of ((-1)/(-1))/((x - -8)/(-2632))?
7, 47
Let w(u) = u**3 + 2*u + 12 - 1 + 17*u**2 - 3*u + 5*u. What are the prime factors of w(-15)?
401
Let f(u) = 7*u**3 - 8*u**2 - 296*u - 37. List the prime factors of f(16).
21851
Suppose 21*z - 752598 = -12*z. What are the prime factors of z?
2, 3, 7, 181
Let w(s) = -84 + 100 - 13*s + 47. List the prime factors of w(-13).
2, 29
What are the prime factors of 3*(2/16 - 3/144*-118666)?
7417
Suppose 7*w - 12*w - 5*v - 1510 = 0, -4*w - 2*v - 1200 = 0. Let l = w - -567. List the prime factors of l.
269
Let n = 26 + 118. Let t(x) = 19*x + 5. Let s be t(-4). Let y = n + s. What are the prime factors of y?
73
Suppose 92*a + 180600 = 135*a. List the prime factors of a.
2, 3, 5, 7
Let d(b) = -b**3 + 8*b**2 + 13*b - 24. Suppose -4 = -2*c - 2*s + 14, 2*c = s + 18. Let l be d(c). Suppose -l*q = -514 - 698. What are the prime factors of q?
101
Suppose 9 - 6 = -u. Let t(v) = -6*v**3 + 2*v**2 - 7*v - 4. List the prime factors of t(u).
197
Let a(v) = 3183*v + 4. Let w be a(1). Suppose -5 = -5*m, -2*m + 0*m + w = 5*p. What are the prime factors of p?
7, 13
Let x = -11 - -24. Suppose 5*v + 2*j - x = 12, -3*v + 2*j = -31. List the prime factors of v.
7
Suppose 2*u - 2*h = 8, -h + 0 = 2*u - 11. Let y(b) = -130*b - 9. Let z be y(-1). Suppose -m + z = -3*r, -r = -u*r - 20. What are the prime factors of m?
2, 53
Let y(l) = 20*l**2 + 312*l - 1. List the prime factors of y(17).
11083
Suppose -45 = 14*s - 241. Suppose 0 = o - i - 1635, s*o + 7*i - 1651 = 13*o. What are the prime factors of o?
1637
Let o(z) = 4*z - 16. Let m be o(10). Let q be 2*15*(-4)/m*4. List the prime factors of 11/((-33)/q)*24.
2, 5
Suppose 5*q + 218*p - 215*p = 57672, q = 4*p + 11516. List the prime factors of q.
2, 3, 31
Suppose -b - 523 = -t, 8*t = 6*t - 3*b + 1021. Let n = t - 158. What are the prime factors of n?
2, 3, 5
Let z(i) = 7481*i + 10525. What are the prime factors of z(9)?
2, 7, 67, 83
Let d = -262 + 275. List the prime factors of (19 - d) + (1176 - 0).
2, 3, 197
Let o(p) = 950*p - 170. What are the prime factors of o(3)?
2, 5, 67
Let o(i) = i**3 + 6*i**2 - 16*i + 5. Let l be o(-10). Let t = l - -412. What are the prime factors of t?
3, 59
Let m(z) be the first derivative of z**4/2 + 2*z**3 - 5*z**2/2 - 3*z + 1. Suppose -9*x + 0*x = 27. What are the prime factors of m(x)?
2, 3
Let o be (8/14 - 12/(-28))*141. Suppose 96 + o = 2*z - 5*r, 3*r = -3*z + 345. What are the prime factors of z?
2, 29
Let o = -477 + 1107. Suppose 0 = 14*l - 8*l - o. List the prime factors of l.
3, 5, 7
Suppose -864073 = -26*b - 200163. List the prime factors of b.
5, 5107
Let s be (-15)/(-30)*2*2. Suppose s = 9*l - 16. Suppose -2*v - 300 = -l*j, -j + 312 = j + 2*v. List the prime factors of j.
3, 17
Let l be (8*1/(-6))/(4/(-6)). Suppose -2 = -l*j, 2*j + 316 = 3*b - 153. List the prime factors of b.
157
Let l be 7/((-21)/54)*1. Let w be (l/21 + -6)*98/(-4). Suppose -4*s + 5*x + w = 3*x, 0 = 3*s + 2*x - 133. What are the prime factors of s?
43
Let m = -50988 + 102563. List the prime factors of m.
5, 2063
Let q(p) = 44*p - 2. Let s be (-12)/(-30)*(2 - -18). List the prime factors of q(s).
2, 5, 7
Let s = -13586 + 21351. List the prime factors of s.
5, 1553
Suppose -115 - 20 = -2*l - 3*p, 0 = l + 4*p - 70. Suppose 0 = -l*t + 39*t + 20088. List the prime factors of t.
2, 3, 31
Let n(a) = a**2 + 4*a - 9. Let y be n(-6). Suppose 5*g - 37 = -2*w + 3*w, -2*g - y*w + 25 = 0. Let v = g + 15. What are the prime factors of v?
23
Suppose 6*u - 7*u = -3. Let m(p) = -u*p + 7*p + 5 + p - 3*p**2 + 6*p**2. List the prime factors of m(-8).
157
Let t(w) = 4*w**3 + 10*w**2 - 3. Let r(x) = 3*x**3 + 9*x**2 + x - 3. Let s(h) = 6*r(h) - 5*t(h). Suppose 665*a - 676*a - 44 = 0. List the prime factors of s(a).
3, 5, 11
Let c = -50 - -49. Let k(s) = -8*s**3 + s. Let f be k(c). Suppose f*b - 740 = 2*b. What are the prime factors of b?
2, 37
Let u(y) = y**2 + 23*y - 46. Let n be u(-24). Let i be ((-8)/n)/(-2) + (-450)/66. What are the prime factors of 681/7 - ((-12)/i)/6?
97
Suppose -2*j - 3*r = -96, -34 = -23*j + 22*j - 5*r. Let c be (0 - 140)*2/(-5). Suppose c*d - j*d = 402. List the prime factors of d.
3, 67
Suppose 5*k - 2*k - 19 = -5*c, 5*k - 17 = -c. Suppose m - k = -39. Let h = m - -51. What are the prime factors of h?
3, 5
Let v = -55 - -53. Let c be (v - -1)*(-7 + 4) - -1. Suppose 5*a - 197 = c*b, -b + 265 = 5*a + 58. List the prime factors of a.
41
Suppose -19*m - 2080 = -24*m. Suppose 5*u - m = -3*u. Let r = 133 - u. List the prime factors of r.
3
Let h = -1 + -8. Let l be ((-18)/12)/(h/42) - 2. Suppose f = 3*c - 252, -3*c - l*f - 347 = -7*c. List the prime factors of c.
83
Suppose -64*y - 2968320 = -160*y. List the pr